se 7, what is -1134214 - 1?
-1134215
In base 3, what is 10 + 2112202012?
2112202022
In base 11, what is -1 - -2065?
2064
In base 12, what is 1927a - 1?
19279
In base 7, what is -143 - 605?
-1051
In base 12, what is 0 + 185b0b?
185b0b
In base 7, what is -4 - 240143?
-240150
In base 7, what is -1 - 145313?
-145314
In base 12, what is -19 + -2a156?
-2a173
In base 2, what is 1 - 101001?
-101000
In base 11, what is -11 - 16774?
-16785
In base 4, what is -1013 - -31130?
30111
In base 6, what is 0 + 1221541?
1221541
In base 15, what is -4dd9 - 0?
-4dd9
In base 12, what is -11aba9 + 4?
-11aba5
In base 5, what is -10 + 40031?
40021
In base 3, what is -120112 + -2000212?
-2121101
In base 12, what is -785 - 21?
-7a6
In base 13, what is 3c1 + -187?
237
In base 2, what is 1000111101 - -100010?
1001011111
In base 6, what is -115021 + -33?
-115054
In base 13, what is -21 - -24ab4?
24a93
In base 12, what is 5 + -3013?
-300a
In base 3, what is 1120 + -12011002?
-12002112
In base 13, what is 6 + -9b11?
-9b08
In base 14, what is 22aa + -17?
2293
In base 8, what is 42 + 14155?
14217
In base 15, what is -34 + -1bab7?
-1baeb
In base 9, what is -878430 - -1?
-878428
In base 16, what is 32 + -2c04?
-2bd2
In base 9, what is -542 + 10672?
10130
In base 16, what is -5 - 29ee?
-29f3
In base 14, what is 58aa + 5?
58b1
In base 4, what is 3 + -1023320?
-1023311
In base 10, what is -1648559 + -3?
-1648562
In base 12, what is 2 - 1815?
-1813
In base 16, what is 4 + -2c44?
-2c40
In base 12, what is -36a229 + 4?
-36a225
In base 16, what is -44476a - -3?
-444767
In base 4, what is -13202130 + 102?
-13202022
In base 3, what is 1100211021 + 102?
1100211200
In base 3, what is 112000221120 + 0?
112000221120
In base 15, what is 2 - -21273?
21275
In base 14, what is 18b + 23?
1b0
In base 16, what is -1 + b15a?
b159
In base 5, what is -20 - 11244?
-11314
In base 5, what is -2 + 20404202?
20404200
In base 7, what is 450502 + 1?
450503
In base 2, what is -100011001010 + 11111000?
-11111010010
In base 10, what is -3011 + 12?
-2999
In base 14, what is 2 + -1649d?
-1649b
In base 15, what is 93 + a7?
14a
In base 9, what is 5155 + -7?
5147
In base 13, what is -3 + 16c22?
16c1c
In base 7, what is -50 + -164143?
-164223
In base 14, what is -d + 14a?
13b
In base 11, what is -271330 - 0?
-271330
In base 14, what is -d80 - -11?
-d6d
In base 15, what is 44 + -16b5?
-1671
In base 10, what is 245 - 288?
-43
In base 8, what is -5 + 24562?
24555
In base 13, what is -1 + 45876?
45875
In base 6, what is -13411 + -35?
-13450
In base 10, what is -7017 - -15?
-7002
In base 16, what is 0 - 454?
-454
In base 8, what is 1 - 1613661?
-1613660
In base 13, what is 33b07 - -a?
33b14
In base 6, what is 5 - -423224?
423233
In base 7, what is -3320 - -1005?
-2312
In base 13, what is -5 - 1926b?
-19273
In base 12, what is -3aa19 + 2?
-3aa17
In base 5, what is 12002 - 31332?
-14330
In base 5, what is 3221 + -4?
3212
In base 2, what is -1010011000110010 + -100?
-1010011000110110
In base 15, what is 5 + 83c0?
83c5
In base 15, what is -3 + d9d?
d9a
In base 16, what is -1b - 1296?
-12b1
In base 8, what is 317 + -5706?
-5367
In base 16, what is -138 + a?
-12e
In base 15, what is -5 + 4a8?
4a3
In base 10, what is 152943 + 1?
152944
In base 3, what is 1000 + -12121002?
-12120002
In base 9, what is 1120 + 6?
1126
In base 3, what is -22 + 210220?
210121
In base 9, what is -240 - 3040?
-3280
In base 6, what is 3211045 - 3?
3211042
In base 16, what is a + -199?
-18f
In base 15, what is -9 - 175d?
-1767
In base 11, what is -62148 + 3?
-62145
In base 5, what is 142 - -1332420?
1333112
In base 9, what is -63 - -1257?
1184
In base 4, what is 232 + -211322?
-211030
In base 12, what is 0 - 8024b9?
-8024b9
In base 7, what is 551 - 253?
265
In base 12, what is -5 + -175147?
-175150
In base 14, what is -a - 13074?
-13080
In base 8, what is 1367 + -613?
554
In base 3, what is -1000120 + 1012?
-222101
In base 14, what is 55 + -456a?
-4515
In base 13, what is -2 - -578b?
5789
In base 3, what is 100000 + 22?
100022
In base 7, what is 23421 + -123?
23265
In base 8, what is -43653 - 4?
-43657
In base 11, what is -21749 - -1?
-21748
In base 2, what is 1100000101100 + 111?
1100000110011
In base 16, what is -48 - -a7cc?
a784
In base 15, what is 4 - 1de5b5?
-1de5b1
In base 5, what is 4143 - 300?
3343
In base 3, what is 2201 + -20111102?
-20101201
In base 11, what is -27 + 3728?
3701
In base 6, what is -230414 - 10?
-230424
In base 2, what is -111010000 + -101110?
-111111110
In base 5, what is -4111214 + -1?
-4111220
In base 15, what is 3374 + -3?
3371
In base 11, what is -1 + -63a52?
-63a53
In base 10, what is -12 + 1237?
1225
In base 15, what is -1 + 2a414?
2a413
In base 15, what is 8ad - 3ca?
4d3
In base 3, what is 1 - 202220210?
-202220202
In base 5, what is -10 + 122431?
122421
In base 2, what is -1 + 10101000111000001?
10101000111000000
In base 9, what is -27 + 40464?
40436
In base 15, what is -9 + -94ea9?
-94eb3
In base 15, what is -22d + 27?
-206
In base 15, what is -3 - d74e?
-d752
In base 15, what is cd36 - -2?
cd38
In base 2, what is 101000110001101110 + 110?
101000110001110100
In base 5, what is 134043 - 231?
133312
In base 7, what is 5 + 513246?
513254
In base 4, what is -2101 - 103?
-2210
In base 6, what is -11433 + -22?
-11455
In base 16, what is 31 - 316?
-2e5
In base 15, what is 90 - -1b67?
1c07
In base 10, what is -3 + 62697?
62694
In base 11, what is -56a + 0?
-56a
In base 5, what is -1002 - -24043?
23041
In base 7, what is 206003 - 55?
205615
In base 11, what is -13 - 18a70?
-18a83
In base 3, what is -1121 - 12110?
-21001
In base 8, what is 2 + -561556?
-561554
In base 16, what is -5 - 11860?
-11865
In base 5, what is 42 - 320314?
-320222
In base 14, what is -465b - -4?
-4657
In base 3, what is -11 + -12002210212?
-12002211000
In base 7, what is -4435 - -13?
-4422
In base 4, what is -102202222 + 23?
-102202133
In base 2, what is -11111 - -10111010000000001?
10111001111100010
In base 8, what is -305634 + -5?
-305641
In base 2, what is -100000 - 1010000101?
-1010100101
In base 2, what is 11110100100 + -1111100?
11100101000
In base 13, what is -6911 - -8?
-6906
In base 13, what is 1246 + -6?
1240
In base 11, what is -63a - -309?
-331
In base 4, what is -2212 + -1132330?
-1201202
In base 16, what is -16 + 8251?
823b
In base 5, what is 113323 + 11?
113334
In base 12, what is 5 + -5b10?
-5b07
In base 10, what is 3887995 - 4?
3887991
In base 2, what is 100 - -100001111011010101?
100001111011011001
In base 11, what is -837a1 - 4?
-837a5
In base 15, what is 3db - 5?
3d6
In base 11, what is 10a - -249?
358
In base 2, what is 100 + -1010100101001001?
-1010100101000101
In base 13, what is 1b5 - 1a?
198
In base 3, what is -1001102101 - 121?
-1001102222
In base 12, what is 4 + 337b8?
33800
In base 15, what is 5 - -4aa9?
4aae
In base 9, what is 228144 - -2?
228146
In base 14, what is 126 + -30a8?
-2d82
In base 13, what is 8b + -2a6?
-218
In base 11, what is -38 - -102?
75
In base 12, what is -a574 - -2?
-a572
In base 9, what is -2025533 + -1?
-2025534
In base 12, what is -a591 - 0?
-a591
In base 6, what is -4 - 20442334?
-20442342
In base 2, what is 10 + 100111001001011100?
100111001001011110
In base 7, what is -352503 - -3?
-352500
In base 5, what is 13323410 + 2?
13323412
In base 16, what is -85c + -7d?
-8d9
In base 11, what is 5 + 18194?
18199
In base 10, what is 10 + 17224?
17234
In base 11, what is 7 - 9597?
-9590
In base 2, what is 101 - 1100110111101011011?
-1100110111101010110
In base 6, what is 2434003 - 4?
2433555
In base 8, what is -5 + 17573?
17566
In base 7, what is -22 + 24614?
24562
In base 10, what is 1 - 132086?
-132085
In base 14, what is ddc + -1b?
dc1
In base 9, what is -2454 + 223?
-2231
In base 2, what is -11011010001000 + 11?
-11011010000101
In base 3, what is -22000201011 - 11?
-22000201022
In base 13, what is -4c + 1cb?
17c
In base 13, what is c70a + -2?
c708
In base 2, what is -100101 - -100100111101?
100100011000
In base 14, what is -988b6d + 5?
-988b68
In base 12, what is -5 - 85b25?
-85b2a
In base 7, what is 100313 + 1?
100314
In base 5, what is -2213 + -201404?
-204122
In base 11, what is 59385a - 4?
593856
In base 7, what is -2560 - -1163?
-1364
In base 8, what is -71 + 65?
-4
In base 13, what is -6a152 - -8?